{"id":1045,"date":"2023-09-28T10:51:11","date_gmt":"2023-09-28T13:51:11","guid":{"rendered":"https:\/\/upsra.org.ar\/sitio\/?page_id=1045"},"modified":"2024-05-31T09:56:43","modified_gmt":"2024-05-31T12:56:43","slug":"afiliaciones-2","status":"publish","type":"page","link":"https:\/\/upsra.org.ar\/sitio\/afiliaciones-2\/","title":{"rendered":"Afiliaciones"},"content":{"rendered":"\n<h3 class=\"wp-block-heading\"><strong>\u00bfPor qu\u00e9 afiliarse a UPSRA?<\/strong><\/h3>\n\n\n\n<p>Porque a trav\u00e9s de ella, ten\u00e9s toda una entidad gremial que te hace sentir protegido en todos los temas gremiales, de salud y laborales. Adem\u00e1s,&nbsp;<strong>UPSRA<\/strong>&nbsp;te brinda una amplia red de beneficios en actividades recreativas, turismo, centros de capacitaci\u00f3n, bolsa de trabajo, asesor\u00eda legal, entre otros, para usted y su familia.<\/p>\n\n\n\n<h3 class=\"wp-block-heading\"><strong>\u00bfQui\u00e9nes pueden afiliarse?<\/strong><\/h3>\n\n\n\n<p>La afiliaci\u00f3n es optativa para todos los trabajadores de la seguridad privada que desarrollen tareas de vigilancia y supervisi\u00f3n en cualquier empresa.<\/p>\n\n\n\n<div class=\"wp-block-file\"><a href=\"https:\/\/upsra.org.ar\/sitio\/wp-content\/uploads\/2024\/05\/solicitud-UPSRA-A4-imp-2024.pdf\" class=\"wp-block-file__button wp-element-button\" download><mark style=\"background-color:rgba(0, 0, 0, 0)\" class=\"has-inline-color has-white-color\"><strong><strong>Descargue la planilla de Afiliaci\u00f3n<\/strong><\/strong><\/mark><\/a><\/div>\n\n\n\n<div class=\"wp-block-buttons is-layout-flex wp-block-buttons-is-layout-flex\"><\/div>\n\n\n\n<p class=\"has-medium-font-size\">Una vez completada, enviar la planilla a Ecuador 969 &#8211; CABA, o a la <a class=\"has-medium-font-size\" href=\"https:\/\/upsra.org.ar\/sitio\/delegaciones\/\"><strong>delegaci\u00f3n<\/strong><\/a> m\u00e1s cercana.<\/p>\n","protected":false},"excerpt":{"rendered":"<p>\u00bfPor qu\u00e9 afiliarse a UPSRA? Porque a trav\u00e9s de ella, ten\u00e9s toda una entidad gremial que te hace sentir protegido en todos los temas gremiales,&hellip;<\/p>\n","protected":false},"author":1,"featured_media":0,"parent":0,"menu_order":0,"comment_status":"closed","ping_status":"closed","template":"","meta":{"_themeisle_gutenberg_block_has_review":false,"footnotes":""},"class_list":["post-1045","page","type-page","status-publish","hentry"],"_links":{"self":[{"href":"https:\/\/upsra.org.ar\/sitio\/wp-json\/wp\/v2\/pages\/1045","targetHints":{"allow":["GET"]}}],"collection":[{"href":"https:\/\/upsra.org.ar\/sitio\/wp-json\/wp\/v2\/pages"}],"about":[{"href":"https:\/\/upsra.org.ar\/sitio\/wp-json\/wp\/v2\/types\/page"}],"author":[{"embeddable":true,"href":"https:\/\/upsra.org.ar\/sitio\/wp-json\/wp\/v2\/users\/1"}],"replies":[{"embeddable":true,"href":"https:\/\/upsra.org.ar\/sitio\/wp-json\/wp\/v2\/comments?post=1045"}],"version-history":[{"count":17,"href":"https:\/\/upsra.org.ar\/sitio\/wp-json\/wp\/v2\/pages\/1045\/revisions"}],"predecessor-version":[{"id":1297,"href":"https:\/\/upsra.org.ar\/sitio\/wp-json\/wp\/v2\/pages\/1045\/revisions\/1297"}],"wp:attachment":[{"href":"https:\/\/upsra.org.ar\/sitio\/wp-json\/wp\/v2\/media?parent=1045"}],"curies":[{"name":"wp","href":"https:\/\/api.w.org\/{rel}","templated":true}]}}