{"id":1784,"date":"2025-04-15T16:24:19","date_gmt":"2025-04-15T19:24:19","guid":{"rendered":"https:\/\/upsra.org.ar\/sitio\/?page_id=1784"},"modified":"2025-05-06T19:02:32","modified_gmt":"2025-05-06T22:02:32","slug":"delegacion-chacabuco","status":"publish","type":"page","link":"https:\/\/upsra.org.ar\/sitio\/delegaciones2\/delegacion-chacabuco\/","title":{"rendered":"Delegaci\u00f3n Chacabuco"},"content":{"rendered":"\n<figure class=\"wp-block-table is-style-regular\"><table class=\"has-black-color has-text-color has-link-color\"><thead><tr><th colspan=\"2\">CHACABUCO-BUENOS AIRES<\/th><\/tr><\/thead><tbody><tr><td>REPRESENTANTE GREMIAL CHACABUCO<\/td><td><strong>GOMEZ, FAVIO<\/strong> (Tel: 336-4315-399)<\/td><\/tr><tr><td>Direcci\u00f3n<\/td><td>San Juan 140<\/td><\/tr><tr><td>C\u00f3digo Postal<\/td><td>1802<\/td><\/tr><tr><td>Tel\u00e9fono Fijo<\/td><td>&#8211;<\/td><\/tr><tr><td>Email<\/td><td><a href=\"mailto:dechacabuco@upsra.org.ar\">dechacabuco@upsra.org.ar<\/a><\/td><\/tr><tr><td>Horario<\/td><td>&#8211;<\/td><\/tr><\/tbody><\/table><\/figure>\n","protected":false},"excerpt":{"rendered":"<p>CHACABUCO-BUENOS AIRES REPRESENTANTE GREMIAL CHACABUCO GOMEZ, FAVIO (Tel: 336-4315-399) Direcci\u00f3n San Juan 140 C\u00f3digo Postal 1802 Tel\u00e9fono Fijo &#8211; Email dechacabuco@upsra.org.ar Horario &#8211;<\/p>\n","protected":false},"author":4,"featured_media":0,"parent":1703,"menu_order":0,"comment_status":"closed","ping_status":"closed","template":"","meta":{"_themeisle_gutenberg_block_has_review":false,"footnotes":""},"class_list":["post-1784","page","type-page","status-publish","hentry"],"_links":{"self":[{"href":"https:\/\/upsra.org.ar\/sitio\/wp-json\/wp\/v2\/pages\/1784","targetHints":{"allow":["GET"]}}],"collection":[{"href":"https:\/\/upsra.org.ar\/sitio\/wp-json\/wp\/v2\/pages"}],"about":[{"href":"https:\/\/upsra.org.ar\/sitio\/wp-json\/wp\/v2\/types\/page"}],"author":[{"embeddable":true,"href":"https:\/\/upsra.org.ar\/sitio\/wp-json\/wp\/v2\/users\/4"}],"replies":[{"embeddable":true,"href":"https:\/\/upsra.org.ar\/sitio\/wp-json\/wp\/v2\/comments?post=1784"}],"version-history":[{"count":3,"href":"https:\/\/upsra.org.ar\/sitio\/wp-json\/wp\/v2\/pages\/1784\/revisions"}],"predecessor-version":[{"id":2048,"href":"https:\/\/upsra.org.ar\/sitio\/wp-json\/wp\/v2\/pages\/1784\/revisions\/2048"}],"up":[{"embeddable":true,"href":"https:\/\/upsra.org.ar\/sitio\/wp-json\/wp\/v2\/pages\/1703"}],"wp:attachment":[{"href":"https:\/\/upsra.org.ar\/sitio\/wp-json\/wp\/v2\/media?parent=1784"}],"curies":[{"name":"wp","href":"https:\/\/api.w.org\/{rel}","templated":true}]}}