{"id":1789,"date":"2025-04-15T16:24:45","date_gmt":"2025-04-15T19:24:45","guid":{"rendered":"https:\/\/upsra.org.ar\/sitio\/?page_id=1789"},"modified":"2025-05-06T19:03:38","modified_gmt":"2025-05-06T22:03:38","slug":"delegacion-ensenada","status":"publish","type":"page","link":"https:\/\/upsra.org.ar\/sitio\/delegaciones2\/delegacion-ensenada\/","title":{"rendered":"Delegaci\u00f3n Ensenada"},"content":{"rendered":"\n<figure class=\"wp-block-table is-style-regular\"><table class=\"has-black-color has-text-color has-link-color\"><thead><tr><th colspan=\"2\">ENSENADA-BUENOS AIRES<\/th><\/tr><\/thead><tbody><tr><td>DELEGADO REGIONAL ENSENADA<\/td><td><strong>CARBONARI, EDUARDO<\/strong> (Tel: 221-5928-381)<\/td><\/tr><tr><td>Direcci\u00f3n<\/td><td>De la Paz 284<\/td><\/tr><tr><td>C\u00f3digo Postal<\/td><td>1925<\/td><\/tr><tr><td>Tel\u00e9fono Fijo<\/td><td>&#8211;<\/td><\/tr><tr><td>Email<\/td><td><a href=\"mailto:deensenada@upsra.org.ar\">deensenada@upsra.org.ar<\/a><\/td><\/tr><tr><td>Horario<\/td><td>9-16 hs<\/td><\/tr><\/tbody><\/table><\/figure>\n\n\n\n<p><\/p>\n","protected":false},"excerpt":{"rendered":"<p>ENSENADA-BUENOS AIRES DELEGADO REGIONAL ENSENADA CARBONARI, EDUARDO (Tel: 221-5928-381) Direcci\u00f3n De la Paz 284 C\u00f3digo Postal 1925 Tel\u00e9fono Fijo &#8211; Email deensenada@upsra.org.ar Horario 9-16 hs<\/p>\n","protected":false},"author":4,"featured_media":0,"parent":1703,"menu_order":0,"comment_status":"closed","ping_status":"closed","template":"","meta":{"_themeisle_gutenberg_block_has_review":false,"footnotes":""},"class_list":["post-1789","page","type-page","status-publish","hentry"],"_links":{"self":[{"href":"https:\/\/upsra.org.ar\/sitio\/wp-json\/wp\/v2\/pages\/1789","targetHints":{"allow":["GET"]}}],"collection":[{"href":"https:\/\/upsra.org.ar\/sitio\/wp-json\/wp\/v2\/pages"}],"about":[{"href":"https:\/\/upsra.org.ar\/sitio\/wp-json\/wp\/v2\/types\/page"}],"author":[{"embeddable":true,"href":"https:\/\/upsra.org.ar\/sitio\/wp-json\/wp\/v2\/users\/4"}],"replies":[{"embeddable":true,"href":"https:\/\/upsra.org.ar\/sitio\/wp-json\/wp\/v2\/comments?post=1789"}],"version-history":[{"count":3,"href":"https:\/\/upsra.org.ar\/sitio\/wp-json\/wp\/v2\/pages\/1789\/revisions"}],"predecessor-version":[{"id":2050,"href":"https:\/\/upsra.org.ar\/sitio\/wp-json\/wp\/v2\/pages\/1789\/revisions\/2050"}],"up":[{"embeddable":true,"href":"https:\/\/upsra.org.ar\/sitio\/wp-json\/wp\/v2\/pages\/1703"}],"wp:attachment":[{"href":"https:\/\/upsra.org.ar\/sitio\/wp-json\/wp\/v2\/media?parent=1789"}],"curies":[{"name":"wp","href":"https:\/\/api.w.org\/{rel}","templated":true}]}}