{"id":1805,"date":"2025-04-15T16:26:43","date_gmt":"2025-04-15T19:26:43","guid":{"rendered":"https:\/\/upsra.org.ar\/sitio\/?page_id=1805"},"modified":"2025-04-15T16:26:43","modified_gmt":"2025-04-15T19:26:43","slug":"delegacion-moron","status":"publish","type":"page","link":"https:\/\/upsra.org.ar\/sitio\/delegaciones2\/delegacion-moron\/","title":{"rendered":"Delegaci\u00f3n Moron"},"content":{"rendered":"\n<figure class=\"wp-block-table\">\n<table>\n<thead>\n<tr>\n<th colspan=\"2\">MORON-BUENOS AIRES<\/th>\n<\/tr>\n<\/thead>\n<tbody>\n<tr>\n<td>DELEGADO REGIONAL MORON<\/td>\n<td><strong>GORNO, HUGO<\/strong> (Tel: 11-6764-6597)<\/td>\n<\/tr>\n<tr>\n<td>Direcci\u00f3n<\/td>\n<td>San Martin 32<\/td>\n<\/tr>\n<tr>\n<td>C\u00f3digo Postal<\/td>\n<td>1708<\/td>\n<\/tr>\n<tr>\n<td>Tel\u00e9fono Fijo<\/td>\n<td>11-4584-1458<\/td>\n<\/tr>\n<tr>\n<td>Email<\/td>\n<td><a href=\"mailto:demoron@upsra.org.ar\">demoron@upsra.org.ar<\/a><\/td>\n<\/tr>\n<tr>\n<td>Horario<\/td>\n<td>9-16 hs<\/td>\n<\/tr>\n<\/tbody>\n<\/table>\n<\/figure>\n","protected":false},"excerpt":{"rendered":"<p>MORON-BUENOS AIRES DELEGADO REGIONAL MORON GORNO, HUGO (Tel: 11-6764-6597) Direcci\u00f3n San Martin 32 C\u00f3digo Postal 1708 Tel\u00e9fono Fijo 11-4584-1458 Email demoron@upsra.org.ar Horario 9-16 hs<\/p>\n","protected":false},"author":4,"featured_media":0,"parent":1703,"menu_order":0,"comment_status":"closed","ping_status":"closed","template":"","meta":{"_themeisle_gutenberg_block_has_review":false,"footnotes":""},"class_list":["post-1805","page","type-page","status-publish","hentry"],"_links":{"self":[{"href":"https:\/\/upsra.org.ar\/sitio\/wp-json\/wp\/v2\/pages\/1805","targetHints":{"allow":["GET"]}}],"collection":[{"href":"https:\/\/upsra.org.ar\/sitio\/wp-json\/wp\/v2\/pages"}],"about":[{"href":"https:\/\/upsra.org.ar\/sitio\/wp-json\/wp\/v2\/types\/page"}],"author":[{"embeddable":true,"href":"https:\/\/upsra.org.ar\/sitio\/wp-json\/wp\/v2\/users\/4"}],"replies":[{"embeddable":true,"href":"https:\/\/upsra.org.ar\/sitio\/wp-json\/wp\/v2\/comments?post=1805"}],"version-history":[{"count":1,"href":"https:\/\/upsra.org.ar\/sitio\/wp-json\/wp\/v2\/pages\/1805\/revisions"}],"predecessor-version":[{"id":1806,"href":"https:\/\/upsra.org.ar\/sitio\/wp-json\/wp\/v2\/pages\/1805\/revisions\/1806"}],"up":[{"embeddable":true,"href":"https:\/\/upsra.org.ar\/sitio\/wp-json\/wp\/v2\/pages\/1703"}],"wp:attachment":[{"href":"https:\/\/upsra.org.ar\/sitio\/wp-json\/wp\/v2\/media?parent=1805"}],"curies":[{"name":"wp","href":"https:\/\/api.w.org\/{rel}","templated":true}]}}