{"id":1893,"date":"2025-04-18T13:26:50","date_gmt":"2025-04-18T16:26:50","guid":{"rendered":"https:\/\/upsra.org.ar\/sitio\/?page_id=1893"},"modified":"2025-09-27T15:40:00","modified_gmt":"2025-09-27T18:40:00","slug":"delegacion-san-luis","status":"publish","type":"page","link":"https:\/\/upsra.org.ar\/sitio\/delegaciones2\/delegacion-san-luis\/","title":{"rendered":"Delegaci\u00f3n San Luis"},"content":{"rendered":"\n<figure class=\"wp-block-table\">\n<table>\n<thead>\n<tr>\n<th colspan=\"2\">SAN LUIS<\/th>\n<\/tr>\n<\/thead>\n<tbody>\n<tr>\n<td>DELEGADO REGIONAL SAN LUIS<\/td>\n<td><strong>MIRANDA, ISAIAS<\/strong> (Tel: 266-4190-980)<\/td>\n<\/tr>\n<tr>\n<td>Direcci\u00f3n<\/td>\n<td>Chacabuco 387, San Luis<\/td>\n<\/tr>\n<tr>\n<td>C\u00f3digo Postal<\/td>\n<td>5700<\/td>\n<\/tr>\n<tr>\n<td>Tel\u00e9fono Fijo<\/td>\n<td>&#8211;<\/td>\n<\/tr>\n<tr>\n<td>Email<\/td>\n<td><a href=\"mailto:desanluis@upsra.org.ar\">desanluis@upsra.org.ar<\/a><\/td>\n<\/tr>\n<tr>\n<td>Horario<\/td>\n<td>9-16 hs<\/td>\n<\/tr>\n<\/tbody>\n<\/table>\n<\/figure>\n\n\n<div class=\"ultp-not-found-message\" role=\"alert\">No Post Found<\/div>\n\n\n<p><\/p>\n","protected":false},"excerpt":{"rendered":"<p>SAN LUIS DELEGADO REGIONAL SAN LUIS MIRANDA, ISAIAS (Tel: 266-4190-980) Direcci\u00f3n Chacabuco 387, San Luis C\u00f3digo Postal 5700 Tel\u00e9fono Fijo &#8211; Email desanluis@upsra.org.ar Horario 9-16&hellip;<\/p>\n","protected":false},"author":4,"featured_media":0,"parent":1703,"menu_order":0,"comment_status":"closed","ping_status":"closed","template":"","meta":{"_themeisle_gutenberg_block_has_review":false,"footnotes":""},"class_list":["post-1893","page","type-page","status-publish","hentry"],"_links":{"self":[{"href":"https:\/\/upsra.org.ar\/sitio\/wp-json\/wp\/v2\/pages\/1893","targetHints":{"allow":["GET"]}}],"collection":[{"href":"https:\/\/upsra.org.ar\/sitio\/wp-json\/wp\/v2\/pages"}],"about":[{"href":"https:\/\/upsra.org.ar\/sitio\/wp-json\/wp\/v2\/types\/page"}],"author":[{"embeddable":true,"href":"https:\/\/upsra.org.ar\/sitio\/wp-json\/wp\/v2\/users\/4"}],"replies":[{"embeddable":true,"href":"https:\/\/upsra.org.ar\/sitio\/wp-json\/wp\/v2\/comments?post=1893"}],"version-history":[{"count":3,"href":"https:\/\/upsra.org.ar\/sitio\/wp-json\/wp\/v2\/pages\/1893\/revisions"}],"predecessor-version":[{"id":2606,"href":"https:\/\/upsra.org.ar\/sitio\/wp-json\/wp\/v2\/pages\/1893\/revisions\/2606"}],"up":[{"embeddable":true,"href":"https:\/\/upsra.org.ar\/sitio\/wp-json\/wp\/v2\/pages\/1703"}],"wp:attachment":[{"href":"https:\/\/upsra.org.ar\/sitio\/wp-json\/wp\/v2\/media?parent=1893"}],"curies":[{"name":"wp","href":"https:\/\/api.w.org\/{rel}","templated":true}]}}