{"id":925,"date":"2023-04-20T10:38:10","date_gmt":"2023-04-20T13:38:10","guid":{"rendered":"https:\/\/upsra.org.ar\/sitio\/?page_id=925"},"modified":"2023-05-09T11:58:25","modified_gmt":"2023-05-09T14:58:25","slug":"ifp-upsra","status":"publish","type":"page","link":"https:\/\/upsra.org.ar\/sitio\/ifp-upsra\/","title":{"rendered":"Instituto de Formaci\u00f3n Profesional UPSRA"},"content":{"rendered":"\n<div class=\"wp-block-themeisle-blocks-advanced-columns has-1-columns has-desktop-equal-layout has-tablet-equal-layout has-mobile-equal-layout has-default-gap has-vertical-unset\" id=\"wp-block-themeisle-blocks-advanced-columns-be99bbf3\"><div class=\"wp-block-themeisle-blocks-advanced-columns-overlay\"><\/div><div class=\"innerblocks-wrap\">\n<div class=\"wp-block-themeisle-blocks-advanced-column\" id=\"wp-block-themeisle-blocks-advanced-column-9976d29a\">\n<p>Somos el Instituto de Formaci\u00f3n Profesional UPSRA, \u00e1rea&nbsp; de Capacitaci\u00f3n de la Uni\u00f3n Personal de Seguridad de la Rep\u00fablica Argentina -\u00fanico gremio con Personer\u00eda Gremial en todo el pa\u00eds-.&nbsp;<\/p>\n\n\n\n<p>Nuestro proyecto apunta a capacitar de forma online y gratuita a todas y todos nuestros afiliados y afiliadas sindicales de todo el pa\u00eds, para que as\u00ed, desaparezcan las barreras espacio-temporales y que paulatinamente, las distancias geogr\u00e1ficas dejen de ser un impedimento.&nbsp;<\/p>\n\n\n\n<p>Estar all\u00ed donde nos necesitan, de la manera m\u00e1s activa, en un proceso formativo integral.<\/p>\n\n\n\n<p>Vigilador\/a + Educaci\u00f3n + Profesionalidad + Valores = Trabajo<\/p>\n\n\n\n<p>Para consultas puede enviar un correo a <a rel=\"noreferrer noopener\" href=\"mailto:cursos@upsra.org.ar\" target=\"_blank\">cursos@upsra.org.ar<\/a> o bien para inscribirse hacer clic en el siguiente enlace donde encontrara mas informaci\u00f3n: <a rel=\"noreferrer noopener\" href=\"https:\/\/sites.google.com\/view\/ifp-upsra\/p%C3%A1gina-principal?authuser=1\" data-type=\"URL\" data-id=\"https:\/\/sites.google.com\/view\/ifp-upsra\/p%C3%A1gina-principal?authuser=1\" target=\"_blank\">Capacitaci\u00f3n IFP UPSRA<\/a><\/p>\n<\/div>\n<\/div><\/div>\n","protected":false},"excerpt":{"rendered":"","protected":false},"author":1,"featured_media":0,"parent":0,"menu_order":0,"comment_status":"closed","ping_status":"closed","template":"","meta":{"_themeisle_gutenberg_block_has_review":false,"footnotes":""},"class_list":["post-925","page","type-page","status-publish","hentry"],"_links":{"self":[{"href":"https:\/\/upsra.org.ar\/sitio\/wp-json\/wp\/v2\/pages\/925","targetHints":{"allow":["GET"]}}],"collection":[{"href":"https:\/\/upsra.org.ar\/sitio\/wp-json\/wp\/v2\/pages"}],"about":[{"href":"https:\/\/upsra.org.ar\/sitio\/wp-json\/wp\/v2\/types\/page"}],"author":[{"embeddable":true,"href":"https:\/\/upsra.org.ar\/sitio\/wp-json\/wp\/v2\/users\/1"}],"replies":[{"embeddable":true,"href":"https:\/\/upsra.org.ar\/sitio\/wp-json\/wp\/v2\/comments?post=925"}],"version-history":[{"count":6,"href":"https:\/\/upsra.org.ar\/sitio\/wp-json\/wp\/v2\/pages\/925\/revisions"}],"predecessor-version":[{"id":969,"href":"https:\/\/upsra.org.ar\/sitio\/wp-json\/wp\/v2\/pages\/925\/revisions\/969"}],"wp:attachment":[{"href":"https:\/\/upsra.org.ar\/sitio\/wp-json\/wp\/v2\/media?parent=925"}],"curies":[{"name":"wp","href":"https:\/\/api.w.org\/{rel}","templated":true}]}}

Instituto de Formación Profesional UPSRA

<div class="wp-block-themeisle-blocks-advanced-columns has-1-columns has-desktop-equal-layout has-tablet-equal-layout has-mobile-equal-layout has-default-gap has-vertical-unset" id="wp-block-themeisle-blocks-advanced-columns-be99bbf3"><div class="wp-block-themeisle-blocks-advanced-columns-overlay"></div><div class="innerblocks-wrap">
<div class="wp-block-themeisle-blocks-advanced-column" id="wp-block-themeisle-blocks-advanced-column-9976d29a">
<p>Somos el Instituto de Formación Profesional UPSRA, área&nbsp; de Capacitación de la Unión Personal de Seguridad de la República Argentina -único gremio con Personería Gremial en todo el país-.&nbsp;</p>



<p>Nuestro proyecto apunta a capacitar de forma online y gratuita a todas y todos nuestros afiliados y afiliadas sindicales de todo el país, para que así, desaparezcan las barreras espacio-temporales y que paulatinamente, las distancias geográficas dejen de ser un impedimento.&nbsp;</p>



<p>Estar allí donde nos necesitan, de la manera más activa, en un proceso formativo integral.</p>



<p>Vigilador/a + Educación + Profesionalidad + Valores = Trabajo</p>



<p>Para consultas puede enviar un correo a <a rel="noreferrer noopener" href="mailto:cursos@upsra.org.ar" target="_blank">cursos@upsra.org.ar</a> o bien para inscribirse hacer clic en el siguiente enlace donde encontrara mas información: <a rel="noreferrer noopener" href="https://sites.google.com/view/ifp-upsra/p%C3%A1gina-principal?authuser=1" data-type="URL" data-id="https://sites.google.com/view/ifp-upsra/p%C3%A1gina-principal?authuser=1" target="_blank">Capacitación IFP UPSRA</a></p>
</div>
</div></div>
